 + 2. Let u be 3/(-3 + (-27)/(-6)). Let g be y(u). What are the prime factors of g/10 + 33/5?
7
Let q = 432 + -309. Let c be 197 - (2*2 - 2). Suppose 3*f + q = 3*h, -c = -6*h + h + 3*f. List the prime factors of h.
2, 3
Suppose 0 = -5*m + 125 + 40. What are the prime factors of m*(57/9 + -1)?
2, 11
Let d be 4/32*4*18. Let f = 69 - d. List the prime factors of f.
2, 3, 5
Suppose -t + 219 = -3838. List the prime factors of t.
4057
Let x = -65 + 140. Suppose -2*p - 27 = -x. What are the prime factors of p?
2, 3
Let x be ((-210)/75)/(1/(-5)). What are the prime factors of x/49 + 47/7?
7
Suppose 4*x - 18 + 10 = 0. What are the prime factors of (-6)/x - 142*(-3)/6?
2, 17
Let s(i) = -5*i**2 + 8*i**3 + 5*i - 9*i**3 - 4*i + 4*i - 1. What are the prime factors of s(-6)?
5
Let s = 1222 - 646. What are the prime factors of s?
2, 3
Let s(o) = 12*o**2 + 66*o - 35. List the prime factors of s(13).
2851
Let t(p) be the third derivative of p**5/30 + p**4/6 - 5*p**3/6 + 10*p**2. What are the prime factors of t(-6)?
43
Suppose -91 = -7*y - 0*y. Let l(a) = -a**3 + 13*a**2 + 5*a + 5. What are the prime factors of l(y)?
2, 5, 7
Let s(y) = 20*y - 47. Let z(l) = 39*l - 95. Let o(m) = -5*s(m) + 3*z(m). What are the prime factors of o(18)?
2
Let q(m) = m - 5*m**3 + m - 1 - m. Let k be q(1). What are the prime factors of (k/(-10))/(1/24)?
2, 3
Suppose 0 = -5*a + a - 312. Let f = 134 + a. What are the prime factors of f?
2, 7
Let h(g) = -g**2 + 4. Let m be 0*2/(-4)*-2. Let w be h(m). Suppose 2*a + 3*i - 90 = -a, 195 = 5*a - w*i. What are the prime factors of a?
5, 7
Let z = 125 - 123. Suppose -3*p - z*p = 0, -4*h - 3*p = -764. What are the prime factors of h?
191
Suppose 3*x + 2*x - 4*b = 22, 2*x + b = 14. Let p(y) = y**2 - 5*y + 7. List the prime factors of p(x).
13
Let f = -15 - -18. Suppose 4*w + 12 = f*w - 2*t, -4*w + 2*t - 38 = 0. What are the prime factors of (2/5)/(w/(-100))?
2
Let y = 52 - 25. Let h be 9/6*10 - 2. Let p = y - h. List the prime factors of p.
2, 7
Suppose -4*v = -49 - 35. Let y(w) = w**2 - 18*w. What are the prime factors of y(v)?
3, 7
Let y(t) = -t - 4. Let p be y(-3). Let b be p*3 + -7 + 8. List the prime factors of b/4*(-124 - -2).
61
Let q(n) = 18*n - 10. Let y be q(6). Let a = -57 + y. List the prime factors of a.
41
Suppose -5*u + 0*u - 15 = -5*y, -5*u - 4*y - 24 = 0. Let x = 235 - 161. List the prime factors of x + u + (-4 - -6).
2, 3
Let v(u) = -3*u**3 + u - 3. Let s be v(-4). Suppose -5*p = g + 549, 5*p + g - 221 = 7*p. Let n = s + p. What are the prime factors of n?
3, 5
Let k(n) = -54*n**2 - 3*n - 3. Let b be k(3). Let c = -278 - b. What are the prime factors of c?
2, 5, 11
Suppose 5*l - 920 = 1025. Suppose -2*s + 7*s - l = -q, 5*q + 395 = 5*s. What are the prime factors of s?
2, 3, 13
Let t be (-6 + 2)*(-3)/2. Let w be (156/(-18))/(t/27). Let x = w - -78. What are the prime factors of x?
3, 13
Suppose 4*y + 2*y = 5*q - 26505, y = -4*q + 21175. List the prime factors of q.
3, 5, 353
Let c = -58 - -51. Let j(g) = -14*g - 53. What are the prime factors of j(c)?
3, 5
Let d be -4 - -2 - 1/(2/(-10)). Suppose 2*i - 3*v = 293, -4*i + 654 = d*v + 113. List the prime factors of i.
139
Let g be (-8)/(-20) - 4/10. Suppose 19 = -g*r + r. Suppose -2*l = 2*q - 40, -4*q + r = -3*l - 61. List the prime factors of q.
2, 5
List the prime factors of 4/(12/1137) - (-4)/2.
3, 127
Let d be (2 + 1)*10/6. Suppose d*r + 0*r = -t - 17, t - 2*r - 11 = 0. Suppose -21 = -4*a + t*a. List the prime factors of a.
3, 7
Let w be (-10 - 0)*11/(-22). Suppose 3*x = w*m - 4, -2*x + x = -2. Suppose 2*k - m*p + 1 = 81, -3*k + 88 = 5*p. List the prime factors of k.
2, 3
List the prime factors of (-24)/16*186*12/(-4).
3, 31
Let x be (-7)/3*(-4 - -1). List the prime factors of (-7796)/(-28) + (-3)/x.
2, 139
List the prime factors of 32/16 + (-3)/((-6)/374).
3, 7
Let k be (-8 + 7)*-5*2. Suppose -v = -2*v + 12. Let s = v - k. What are the prime factors of s?
2
Let x = 92 - 84. List the prime factors of (-4)/x + 2265/10.
2, 113
Let r(y) = -y**2 + 9*y + 7. Let z be r(9). Let x = -2 + z. Suppose 4*q - x*q = -25. What are the prime factors of q?
5
Let m(a) = -3*a - 4*a + 4 + 3*a - 5*a**2 - a**3. Let w be m(-6). Suppose -h - w = -5*h. What are the prime factors of h?
2
Let x = -309 + 553. Suppose -x - 491 = -7*m. List the prime factors of m.
3, 5, 7
Suppose -v + 5 - 1 = 0. List the prime factors of -3*v/(-18)*105.
2, 5, 7
Let g = -276 - -660. List the prime factors of g.
2, 3
Suppose 11*s + 1458 - 7200 = 0. What are the prime factors of s?
2, 3, 29
Suppose 0 = 4*g - 2*z + 392, 184 = -0*g - 2*g - 2*z. Let q = 79 - g. Suppose 4*n = -n + q. What are the prime factors of n?
5, 7
Let v be (-2)/5 + 74/10. Let l = v + -13. What are the prime factors of 34*(-3)/l + 1?
2, 3
Suppose 10 = -3*t - 2*t + 5*w, t - 4*w = -14. Suppose t*d + 4*j = 0, -4*j + 5 + 3 = 0. List the prime factors of d/(-6)*63/6.
7
Let p be ((-24)/(-16))/((-3)/(-14)). Let a = -8 + p. Let c(s) = 25*s**2 - 2*s - 1. List the prime factors of c(a).
2, 13
Let j(b) = 41*b**2 + 5*b. Let l be j(-2). Let h = l - 108. What are the prime factors of h?
2, 23
Let o be (9/5)/(-3)*-155. Let h = 188 - o. List the prime factors of h.
5, 19
Let j(x) = -15*x + 11. Let y be j(5). Let z = -27 - y. List the prime factors of z.
37
Let k(d) = 28*d - 2. What are the prime factors of k(17)?
2, 3, 79
Let t(a) = -16*a + 7. Let s be 20/(-30) - 19/3. What are the prime factors of t(s)?
7, 17
Let p(z) = -2*z - 12. Let y be p(-8). Suppose 0 = 4*l + 3*t - 412, 4*t - 12 = y. Suppose i = -4*i + l. What are the prime factors of i?
2, 5
Let l = 3908 + -1893. List the prime factors of l.
5, 13, 31
Suppose 7*p + 30 = -61. Let r(z) be the first derivative of -z**3/3 - 7*z**2 + 18*z - 2. What are the prime factors of r(p)?
31
List the prime factors of (36 + 2)*(6 + (-25)/10).
7, 19
List the prime factors of 21/2*(-1276)/(-33).
2, 7, 29
Let l be 4 - (4 - (4 - -1)). Suppose -8*w + l*w = -12. Suppose -5*o - 2*h = -280 - 55, -2*o + w*h + 134 = 0. List the prime factors of o.
67
Suppose -3*z = 2*z - 905. Let y = z + -77. Suppose -4*v = 4*q - y, 2*q + 4*v + 3 = 45. What are the prime factors of q?
31
Suppose 3*p - 9323 = -5*w + 8610, -3*p = 12. List the prime factors of w.
37, 97
Suppose -5*r + 2*r + 2*m + 4498 = 0, 5*r - 5*m = 7505. What are the prime factors of r?
2, 11, 17
Let c(l) be the second derivative of l**4/6 + 25*l**3/6 - 39*l**2/2 - 7*l + 2. List the prime factors of c(-17).
2, 3, 19
Suppose 0 = -3*a - 3*r - 9, 9 = -2*a - 4*r + r. Suppose 3*s + 8 - 80 = a. What are the prime factors of s?
2, 3
Let w(z) = z**2 + 6*z + 3. Let u(l) = -l**3 + l. Let n(i) = 6*u(i) - w(i). Suppose 9*x + 962 = 944. What are the prime factors of n(x)?
41
Let q be 5*3/(-30)*-2*2. What are the prime factors of 32100/140 - (-1)/(-7)*q?
229
Suppose 0 = 490*d - 481*d - 18702. What are the prime factors of d?
2, 1039
Let r = 6 + -6. Suppose 2*o - o = r. Let h = 22 - o. What are the prime factors of h?
2, 11
Suppose -4*i = i - 420. Suppose -3*a + 6*a + i = -3*s, -3*s + 4*a = 56. Let m = s - -37. List the prime factors of m.
13
Suppose 34*d - 14307 = 15*d. What are the prime factors of d?
3, 251
Let w = 1067 - 632. What are the prime factors of w?
3, 5, 29
Let q(v) = 6*v**2 + 2*v**2 + 4 - 7*v**2. What are the prime factors of q(11)?
5
Suppose 0 = 5*q - 3*q - 3*n - 66, 112 = 4*q + 4*n. Let t = 54 - q. List the prime factors of t.
2, 3
Suppose -11 = -2*l - 5. Suppose 0*z + l*z - 117 = 0. List the prime factors of z.
3, 13
Let n = -231 + 279. What are the prime factors of n?
2, 3
Suppose h = -2*c + 10118, -4*c - 2*h = -7*c + 15191. List the prime factors of c.
3, 7, 241
Let v = 282 + 0. List the prime factors of v.
2, 3, 47
Let f(i) = 11*i + 821. What are the prime factors of f(-58)?
3, 61
Suppose 2*c + 2*b - 1414 = 1052, 0 = 4*c - b - 4907. List the prime factors of c.
2, 307
Suppose -10 = -2*l - r, 2*l - 3*l + 14 = -4*r. Suppose -4*q = 2*n - 176, -n - l = -2. What are the prime factors of q?
2, 23
List the prime factors of (-4)/(-38) + 8016/19.
2, 211
Let j = -46 + 41. What are the prime factors of -2*(-29 + j) - (-1 + 2)?
67
Let t = 93 + -87. What are the prime factors of 178/(-5)*(3/3 - t)?
2, 89
Suppose -y = -6*y + 25. Suppose y*f - 38 = 17. Suppose -4*n - 1 = f, -t + n = -21. What are t